 composite number?
False
Is 7367033 a prime number?
False
Is 927439 prime?
True
Is 91228103 a prime number?
False
Is 13623394 a prime number?
False
Is 38333443 a prime number?
False
Is 2336723 prime?
False
Is 1110247 a prime number?
True
Is 751062985 a prime number?
False
Is 8639639 a prime number?
True
Is 14270471 a prime number?
True
Is 10528787 a prime number?
False
Is 283260553 a composite number?
False
Is 719539 composite?
True
Is 2174999 a prime number?
True
Is 32482537 a composite number?
True
Is 6422201 a prime number?
False
Is 15578093 prime?
True
Is 12744211 prime?
False
Is 2240717 prime?
False
Is 2029063 a composite number?
False
Is 2518859 prime?
False
Is 14953903 prime?
True
Is 6370319 composite?
True
Is 45598807 prime?
True
Is 2704297 a composite number?
False
Is 712007 prime?
True
Is 737908503 a composite number?
True
Is 432584717 prime?
False
Is 322676749 prime?
True
Is 2121529 composite?
False
Is 1935079 a prime number?
True
Is 6887009 a composite number?
True
Is 118640383 a composite number?
True
Is 1813145 a composite number?
True
Is 103526879 a prime number?
False
Is 127109 composite?
True
Is 6830729 a composite number?
False
Is 48932027 composite?
False
Is 609474755 a prime number?
False
Is 12156473 a prime number?
False
Is 35932541 a prime number?
True
Is 11337839 a prime number?
True
Is 13219511 a prime number?
False
Is 12246155 composite?
True
Is 248093555 prime?
False
Is 157943239 a prime number?
True
Is 281703529 composite?
False
Is 25078153 composite?
True
Is 32264963 a prime number?
False
Is 35720887 prime?
False
Is 24894157 prime?
True
Is 1411541 a composite number?
False
Is 39162181 prime?
False
Is 102850897 prime?
False
Is 6905947 prime?
True
Is 19743133 a composite number?
False
Is 5491139 a composite number?
False
Is 42423253 prime?
False
Is 1627849 prime?
True
Is 17648023 a prime number?
False
Is 22962883 a composite number?
False
Is 2282927 a prime number?
False
Is 15612901 a composite number?
False
Is 2291893 composite?
False
Is 21907307 composite?
False
Is 1634851 a composite number?
True
Is 337377683 a prime number?
True
Is 21901381 a composite number?
False
Is 60667063 a prime number?
False
Is 440293015 a composite number?
True
Is 848321 a prime number?
True
Is 44744569 a composite number?
False
Is 453399467 a prime number?
False
Is 1623137 prime?
True
Is 90556517 prime?
False
Is 6015167 a prime number?
False
Is 346119355 a composite number?
True
Is 201735713 a composite number?
True
Is 2538121 prime?
False
Is 10018507 prime?
False
Is 188636057 composite?
True
Is 8168161 a prime number?
True
Is 2615801 composite?
True
Is 40835263 prime?
False
Is 75495115 a prime number?
False
Is 169347011 composite?
False
Is 12836899 prime?
True
Is 1876393 composite?
True
Is 1762031 prime?
True
Is 9077899 a composite number?
True
Is 9584233 a composite number?
True
Is 9318579 a prime number?
False
Is 3226217 prime?
True
Is 548241 a prime number?
False
Is 373819723 a prime number?
True
Is 42303457 a prime number?
False
Is 370561723 prime?
False
Is 584509 a prime number?
True
Is 1002017 a prime number?
True
Is 75366281 composite?
False
Is 78131939 a prime number?
True
Is 61332631 composite?
False
Is 16266661 composite?
True
Is 28910347 prime?
False
Is 1924159 prime?
False
Is 2493847 prime?
False
Is 578695919 a prime number?
True
Is 266419 prime?
False
Is 14995 a prime number?
False
Is 4494487 composite?
False
Is 63879419 prime?
True
Is 21920071 a prime number?
False
Is 1584637303 a prime number?
False
Is 10869713 a prime number?
True
Is 10092707 composite?
False
Is 346769497 a composite number?
False
Is 863957 a composite number?
True
Is 51863249 a prime number?
True
Is 9952679 a composite number?
True
Is 4497743 composite?
False
Is 525715 a composite number?
True
Is 49751773 composite?
False
Is 1421089 a composite number?
True
Is 3806423 prime?
True
Is 23155463 a composite number?
False
Is 2801891 a composite number?
False
Is 183785579 prime?
True
Is 4871827 a composite number?
True
Is 68702 composite?
True
Is 5932943 composite?
False
Is 8990873 prime?
True
Is 213999463 composite?
False
Is 5563919 prime?
True
Is 1910081 a prime number?
False
Is 461393 prime?
True
Is 84899933 a prime number?
True
Is 2698259 a prime number?
False
Is 420690117 a prime number?
False
Is 9428539 prime?
True
Is 132807329 a prime number?
False
Is 291073 a composite number?
True
Is 886838 a prime number?
False
Is 2340911 prime?
True
Is 143687 a composite number?
False
Is 6402549 composite?
True
Is 324179483 prime?
True
Is 32070639 composite?
True
Is 314348077 composite?
False
Is 19317106 prime?
False
Is 874220021 prime?
True
Is 251903347 prime?
True
Is 68830061 a prime number?
False
Is 2266081 composite?
True
Is 325391113 a composite number?
False
Is 45810679 a prime number?
True
Is 1647754 composite?
True
Is 189785507 composite?
False
Is 870361 a prime number?
False
Is 7693459 a composite number?
False
Is 1424831 a prime number?
True
Is 4013153 composite?
False
Is 13549057 a prime number?
False
Is 8647585 prime?
False
Is 293411 prime?
False
Is 2319679 a prime number?
True
Is 393451 a composite number?
False
Is 2692619 composite?
False
Is 1686583 composite?
False
Is 13566407 composite?
False
Is 2147567 a composite number?
True
Is 625267 a prime number?
True
Is 2651335 composite?
True
Is 29221323 prime?
False
Is 74734987 prime?
True
Is 908923 a prime number?
False
Is 247112435 composite?
True
Is 28669453 prime?
True
Is 22363921 a composite number?
True
Is 2152933 a prime number?
False
Is 2914759 a prime number?
False
Is 153287137 prime?
True
Is 6258959 a prime number?
False
Is 3173297 a composite number?
True
Is 2227889 composite?
False
Is 25065413 composite?
False
Is 136467269 a composite number?
False
Is 1017077 prime?
True
Is 241897 a composite number?
True
Is 349935649 composite?
True
Is 27235973 a composite number?
False
Is 47552561 prime?
False
Is 206827233 a composite number?
True
Is 537991 prime?
True
Is 251417 a composite number?
False
Is 12495397 composite?
True
Is 2930371 composite?
False
Is 14689783 a composite number?
False
Is 50309447 a composite number?
True
Is 21580737 prime?
False
Is 480707 prime?
True
Is 192562547 a composite number?
True
Is 819323 composite?
True
Is 1323431 composite?
False
Is 197521573 a prime number?
True
Is 388672153 a prime number?
False
Is 13130201 prime?
False
Is 18516499 composite?
False
Is 67621321 prime?
True
Is 37068803 prime?
False
Is 3115487 prime?
False
Is 105867011 a composite number?
False
Is 18756763 composite?
True
Is 5991311 composite?
False
Is 75036503 prime?
False
Is 67025279 prime?
True
Is 10943951 a composite number?
False
Is 20135923 a prime number?
True
Is 133323397 prime?
True
Is 723164617 prime?
False
Is 5401141 composite?
False
Is 132361709 prime?
True
Is 61851649 a prime number?
True
Is 145488899 a composite number?
False
Is 9153682 a composite number?
True
Is 9366629 a prime number?
True
Is 179836831 a composite number?
True
Is 9267563 a composite number?
False
Is 6974033 composite?
True
Is 855781 prime?
True
Is 5764061 composite?
False
Is 2938427 a prime number?
False
Is 88875923 a prime number?
False
Is 145311 a composite number?
True
Is 33864397 prime?
False
Is 24550843 a prime number?
True
Is 42340159 composite?
True
Is 131181337 a prime number?
False
Is 9041759 prime?
True
Is 69154231 a composite number?
False
Is 16296733 a composite number?
True
Is 4511477 a composite number?
True
Is 40757291 composite?
False
Is 347395049 a prime number?
True
Is 41692771 prime?
True
Is 822957881 a prime number?
True
Is 713021 a prime number?
True
Is 727121 prime?
True
Is 1051697 prime?
True
Is 12145037 a prime number?
False
Is 29614769 a prime number?
True
Is 46161173 a composite number?
True
Is 1003193 a composite number?
False
Is 3494 a prime number?
False
Is 11767429 prime?
True
Is 44609647 composite?
True
Is 86028601 a composite number?
True
Is 569087 composite?
True
Is 157889 composite?
False
Is 90532443 composite?
True
Is 11714299 prime?
True
Is 5896937 a prime number?
False
Is 6724229 composite?
False
Is 39267913 composite?
True
Is 35562003 prime?
False
Is 11147159 composite?
False
Is 549821 prime?
False
Is 261587 a composite number?
False
Is 49944811 a prime number?
False
Is 81258562